it of b?
9
Suppose -g + 6 - 2 = -5*l, 0 = 2*g - 2*l - 32. Suppose y = 2 + g. Suppose -3*z + 6*z - y = 0. What is the units digit of z?
7
Let o = 15 + -11. Suppose o*f + 3*n - 29 - 74 = 0, -4*n - 68 = -4*f. What is the units digit of f?
2
What is the tens digit of 2 - (-1 - 23)*1?
2
Suppose 4*v + v = 25, -4*v + 13 = z. Let k = z - -19. What is the units digit of k?
2
Let b(p) = p - 38. Let j be b(6). Let g(t) = -t**3 + 3*t - 4. Let f be g(3). Let l = f - j. What is the units digit of l?
0
Let h(m) = -69*m**3 + 2*m**2 + 2*m + 1. What is the tens digit of h(-1)?
7
Let l = 97 + -84. What is the units digit of l?
3
Let r = 8 + -4. What is the units digit of r?
4
Suppose 72 = -0*f + 4*f. Suppose -4 = c, i - 18 = 3*c + 1. Suppose -i = -5*v + f. What is the units digit of v?
5
Let o(m) = -m**2 - m + 1. Let l be o(0). Suppose -l = 5*y - 21. What is the units digit of y?
4
Let n(l) = l**2 + 8*l - 7. Let i be n(5). Suppose -4*m = -3*q - i, -6*q + 74 = 4*m - q. What is the tens digit of m?
1
Let u = 15 - -12. Suppose 2*j + 4 = 4*j - 5*q, -3*j + u = 3*q. What is the units digit of j?
7
Let c(f) = 5*f**3 + f - 1. Let b be c(1). Suppose 0 = 5*g - g, -b*p - 4*g = -40. What is the units digit of p?
8
Let q(c) = -2*c - 5. Let z be q(10). Let j = z + 37. What is the tens digit of j?
1
What is the units digit of 7 + (4*3)/(-4)?
4
Let q be 56/6*(-6)/4. Suppose 3*z - 26 = -5*p - z, 20 = 2*p + 4*z. What is the units digit of (2 - 3)/(p/q)?
7
Let o = 3 + 142. What is the tens digit of o?
4
Suppose 4*h - 5 = 9*h. Let a = 1 - h. What is the units digit of ((-1)/2)/(a/(-8))?
2
Let r(u) = -3*u. Let a be r(-5). Let c = 3 + a. Suppose -2 = -5*x + c. What is the units digit of x?
4
Suppose -3*p = -15 - 0. Let s = 4 - p. What is the units digit of (-18)/(-12)*(5 + s)?
6
Let r be (-9)/(-4) + 3/(-12). Let h be 188/16 + (-1)/(-4). Let s = h - r. What is the tens digit of s?
1
Let h(o) = -o**2 + 6*o + 4. Let z be h(3). Let b = z + -6. What is the units digit of b/(21/6) + 17?
9
Let r(t) = -t**3 - 4*t**2 - 3*t - 9. Let x be r(-6). What is the units digit of (-1)/(x/(-39) - -2)?
3
Let h be 3 - (-3 + (-1 - -4)). Suppose -32 = 3*p - 4*p + 3*d, -2*p - d + 57 = 0. Suppose i = -3*b + 19, i - p = -h*b + 5*i. What is the units digit of b?
7
Let i(k) = -k + 4. What is the tens digit of i(-9)?
1
Let r(m) be the first derivative of 2 + 5*m - 2*m**2 + 1/3*m**3. What is the units digit of r(4)?
5
Let y(u) = 2*u - 15. Let z be y(11). Suppose 0 = -3*v - 3*s + z - 1, 2*s - 1 = -5*v. Let p = 7 + v. What is the units digit of p?
6
What is the tens digit of (0 - 613/(-3)) + 20/(-15)?
0
Let x = -8 - -10. Suppose -2*y - 41 = -r - 0*y, -r - x*y + 25 = 0. What is the tens digit of r?
3
Let f be 12/5 - 4/10. Suppose 0 = 4*z - j + 2*j - 21, 0 = z + f*j - 7. What is the units digit of z?
5
What is the units digit of (-1551)/(-44) + (-3)/(-4)?
6
Suppose 2*p + 2 = u, -5*p + 21 = 4*u - 0. Suppose 0 = -5*f + 19 - 4. What is the units digit of f*(-1)/(-1) - p?
2
Let v = 344 + -170. What is the units digit of v?
4
Let s(p) = 39*p + 2. Let h(a) = -19*a - 1. Let z(c) = 5*h(c) + 2*s(c). Let w be z(-2). Suppose -w = 2*r - 5*r. What is the tens digit of r?
1
Suppose -6*g - 4*u + 93 = -g, -4*u - 60 = -4*g. What is the units digit of g?
7
Suppose -16*s + 448 = -12*s. What is the units digit of s?
2
Let p(d) = -d - 2. Let u be p(-3). Let y = u - -11. What is the tens digit of y?
1
Let c(z) = -z**2 - 17*z + 16. What is the units digit of c(-9)?
8
Let a = -4 - -7. Let y = 0 - -7. What is the units digit of 2/(-6) + y/a?
2
Let s = -174 - -101. Let y = s - -40. Let n = y + 46. What is the tens digit of n?
1
Let i = 2 - -1. Suppose i = b - 5*m + 12, -3*m = -4*b - 19. What is the units digit of (-2)/(-6)*(2 - b)?
2
Suppose -24 = -5*z - 4. Suppose 4*j = 20, -z*j + 40 = -6*y + 2*y. Let u(i) = -i**3 - 6*i**2 - 8*i - 7. What is the units digit of u(y)?
8
Let j(z) = -z**2 + 2*z + 2. Let x be j(4). Let n(l) = 3 - 2 - 6 + 0 - 2*l. What is the units digit of n(x)?
7
Suppose 0*c = -5*c - m + 19, 0 = 2*m + 2. Let y = 5 - c. What is the units digit of y?
1
Let j = 202 - 95. Let u be 2/(-5) + j/5. Suppose -5*o + u = -19. What is the units digit of o?
8
Let a(k) = 54*k + 3. What is the hundreds digit of a(2)?
1
Let t(l) = 15*l - 5. Let x(d) = -5*d + 2. Let o(k) = -4*t(k) - 11*x(k). Let h(p) = -189*p - 77. Let q(a) = -2*h(a) + 77*o(a). What is the tens digit of q(-2)?
1
Let z = 32 + 13. What is the tens digit of z?
4
Let j be (12/2)/((-3)/(-2)). Let c be ((-16)/(-20))/(j/10). Let f = -1 + c. What is the units digit of f?
1
Let f be 8 + -3 - (2 + 0). Let a = f - 0. Suppose a*u - 2*u = 16. What is the units digit of u?
6
Suppose -2*w - 1 = -4*y + 1, -9 = 3*y - 5*w. Let i = y - 4. What is the units digit of -1 - ((i - -4) + -9)?
6
Let y be (-2)/(3/(-12)*-1). Let w be (y/10)/((-5)/25). Suppose w*i + 34 = 90. What is the units digit of i?
4
Suppose 1 = -z + 16. Suppose 5*k - 51 = 4*m, 3*k - 2*m = 3*m + 41. Suppose k - z = -2*d. What is the units digit of d?
4
Suppose 10*q - 4*q = -24. What is the units digit of -6*((-182)/q)/(-7)?
9
Suppose 3*f + 2*x + 49 = 157, 3*f - 108 = 2*x. What is the units digit of f?
6
Let p = 1 - -10. What is the units digit of p?
1
What is the tens digit of (-470)/30*(-1 + -2) + -2?
4
Let f(v) = 2*v**2 - 1. Let x be f(1). Let h = x - -5. What is the units digit of h?
6
Let n = -3 - -4. Let h(f) = f**3 - 12*f**2 + 10*f + 13. Let r be h(11). Suppose -5*u = -4*w - 13 - n, -32 = -r*u - 5*w. What is the units digit of u?
6
Let m(w) = -26*w - 14. What is the tens digit of m(-7)?
6
Let t = -1 - 1. Let k be -36*(t + 0)/(-2). What is the units digit of (-2)/(-4) + k/(-8)?
5
Suppose 61 = b + 12. Suppose 5*n = b - 14. What is the units digit of n?
7
Suppose t + 5*x + 27 = 0, 5*t - 2*t + x = -11. Let o(s) = -2*s - 2. What is the units digit of o(t)?
2
Let h = -19 + 43. What is the tens digit of h?
2
Let v = 34 - 12. What is the units digit of v?
2
Suppose -3*r = -6*r - 9. Let m(c) = 2*c**2 + 3*c - 1. Let a be m(r). Suppose -a*l + 4*l + 80 = 0. What is the units digit of l?
0
Suppose -2*b - 5*d + 52 = -18, b - 2*d = 17. What is the units digit of b?
5
Suppose 0 = -8*j - 2*j + 1130. What is the tens digit of j?
1
Let x be (-10 + 3)*(-20)/14. Let q = -7 + x. What is the units digit of q?
3
Let n = -10 - -15. Suppose -4*o = -3 - n. Let u = o + 0. What is the units digit of u?
2
Let j(h) = -h**3 - 7*h**2 + 7*h + 1. Let d be j(-8). What is the tens digit of 132/d*3/2?
2
Let l = 251 - 99. What is the units digit of l?
2
What is the tens digit of -11*(-1)/(-2)*(0 + -4)?
2
Let b(h) = -h - 3*h + 3*h + 2*h**2. Let u be 4*(0 + 2/4). What is the units digit of b(u)?
6
Let u(i) = 35*i**2 - i + 6. What is the tens digit of u(3)?
1
Suppose 4*m - u - 21 + 4 = 0, -26 = -4*m - 2*u. What is the units digit of m?
5
Suppose -2*u + 58 = 2*t + 2*u, -u - 101 = -5*t. Let g be (-12)/t*7/(-2). Let o(d) = 2*d**2 - 3*d + 2. What is the units digit of o(g)?
4
Let y(k) = 3*k**2 + 2*k + 17. What is the hundreds digit of y(5)?
1
Suppose 4*z = s - 23, -3*z = 4*s - 6*z - 105. What is the tens digit of s?
2
Let j = -3 - -11. Let q be (-2)/j - 318/(-24). Let g = q - 7. What is the units digit of g?
6
Suppose -c - 4*c = -100. Suppose -c = -3*l - l, 0 = 4*f + 4*l - 28. Suppose 30 = 5*o + 5*k, f*o - k - 12 = -5*k. What is the units digit of o?
6
What is the units digit of 2*(4 - 13*-3)?
6
Suppose 0 = 2*i + 4 + 4. Let z = i + 5. Suppose 0 = j + 3*n - 12, n - z = 1. What is the units digit of j?
6
Let l be (2 + -2)*3/9. What is the units digit of 0 + (l - 1) + 3?
2
Suppose 0 = -2*n, -5*y + 10*y - 3*n = -20. Let v = 22 - 14. What is the tens digit of (v/10)/(y/(-50))?
1
Let i(p) = p**3 + 5*p**2 - p + 7. What is the units digit of i(-5)?
2
Let a(l) = -31*l. What is the hundreds digit of a(-4)?
1
What is the units digit of 7 - (1 + 3)/(-4)?
8
Suppose 0 = 5*o - 3*o - 90. Suppose -o = -2*d + 11. What is the units digit of d?
8
Suppose 0 = 2*d - d + 1. Let u be 2 - (-2 + 3)*d. Suppose 5*c - 7 = u. What is the units digit of c?
2
Suppose -j = 2*t + 10, 2*j = 5*t - 4 + 11. Let n = j - -1. What is the tens digit of -11*((-3)/n)/(-1)?
1
Let a = 29 - 15. Suppose 32 = -0*o - 4*o. Let q = o + a. What is the units digit of q?
6
Let w(x) = x**2 + 6*x - 4. Suppose m - 5*m = -28. Le